{"version":"1.0","provider_name":"SE Group","provider_url":"https:\/\/www.se-group.info\/de\/","author_name":"SE Group Administrator","author_url":"https:\/\/www.se-group.info\/de\/author\/se-group_admn_735\/","title":"ESF3_h1_0030 Ausbildung im Bereich Logistik - SE Group","type":"rich","width":600,"height":338,"html":"<blockquote class=\"wp-embedded-content\" data-secret=\"bAn8oP1JhM\"><a href=\"https:\/\/www.se-group.info\/de\/esf3_h1_0030-ausbildung-im-bereich-logistik\/\">ESF3_h1_0030 Ausbildung im Bereich Logistik<\/a><\/blockquote><iframe sandbox=\"allow-scripts\" security=\"restricted\" src=\"https:\/\/www.se-group.info\/de\/esf3_h1_0030-ausbildung-im-bereich-logistik\/embed\/#?secret=bAn8oP1JhM\" width=\"600\" height=\"338\" title=\"&#8222;ESF3_h1_0030 Ausbildung im Bereich Logistik&#8220; &#8211; SE Group\" data-secret=\"bAn8oP1JhM\" frameborder=\"0\" marginwidth=\"0\" marginheight=\"0\" scrolling=\"no\" class=\"wp-embedded-content\"><\/iframe><script type=\"text\/javascript\">\n\/* <![CDATA[ *\/\n\/*! This file is auto-generated *\/\n!function(d,l){\"use strict\";l.querySelector&&d.addEventListener&&\"undefined\"!=typeof URL&&(d.wp=d.wp||{},d.wp.receiveEmbedMessage||(d.wp.receiveEmbedMessage=function(e){var t=e.data;if((t||t.secret||t.message||t.value)&&!\/[^a-zA-Z0-9]\/.test(t.secret)){for(var s,r,n,a=l.querySelectorAll('iframe[data-secret=\"'+t.secret+'\"]'),o=l.querySelectorAll('blockquote[data-secret=\"'+t.secret+'\"]'),c=new RegExp(\"^https?:$\",\"i\"),i=0;i<o.length;i++)o[i].style.display=\"none\";for(i=0;i<a.length;i++)s=a[i],e.source===s.contentWindow&&(s.removeAttribute(\"style\"),\"height\"===t.message?(1e3<(r=parseInt(t.value,10))?r=1e3:~~r<200&&(r=200),s.height=r):\"link\"===t.message&&(r=new URL(s.getAttribute(\"src\")),n=new URL(t.value),c.test(n.protocol))&&n.host===r.host&&l.activeElement===s&&(d.top.location.href=t.value))}},d.addEventListener(\"message\",d.wp.receiveEmbedMessage,!1),l.addEventListener(\"DOMContentLoaded\",function(){for(var e,t,s=l.querySelectorAll(\"iframe.wp-embedded-content\"),r=0;r<s.length;r++)(t=(e=s[r]).getAttribute(\"data-secret\"))||(t=Math.random().toString(36).substring(2,12),e.src+=\"#?secret=\"+t,e.setAttribute(\"data-secret\",t)),e.contentWindow.postMessage({message:\"ready\",secret:t},\"*\")},!1)))}(window,document);\n\/\/# sourceURL=https:\/\/www.se-group.info\/wp-includes\/js\/wp-embed.min.js\n\/* ]]> *\/\n<\/script>\n","description":"&nbsp; Durch das ESF+ Programm 2021-2027, die Italienische Republik und die autonome Provinz Bozen \u2013 S\u00fcdtirol im Rahmen des \u00f6ffentlichen Aufrufes &#8220;Aufruf zur Finanzierung von Ma\u00dfnahmen zur St\u00e4rkung der Kompetenzen und zur Begleitung zum Arbeitsplatz von schutzbed\u00fcrftigen Personen \u2013 Jahr 2023\/2024&#8221;, Priorit\u00e4t 3 Soziale Inklusion \u2013 Spezifisches Ziel h PR ESF+ 2021-2027 vom 13\/11\/2023 &#8211; [&hellip;]","thumbnail_url":"https:\/\/www.se-group.info\/wp-content\/uploads\/2024\/10\/EN_CI-Co-funded-Rep-Prov_vertical_POS.png"}

&nbsp; Durch das ESF+ Programm 2021-2027, die Italienische Republik und die autonome Provinz Bozen – Südtirol im Rahmen des öffentlichen Aufrufes &#8220;Aufruf zur Finanzierung von Maßnahmen zur Stärkung der Kompetenzen und zur Begleitung zum Arbeitsplatz von schutzbedürftigen Personen – Jahr 2023/2024&#8221;, Priorität 3 Soziale Inklusion – Spezifisches Ziel h PR ESF+ 2021-2027 vom 13/11/2023 &#8211; [&hellip;]
